Let j = q + 39. What is the units digit of j?
5
Let p be 2/14 + 900/21. Suppose 110 = l - 3*r, p = 2*l - 5*r - 173. What is the units digit of l?
8
Let o(v) = 22*v + 75. What is the units digit of o(5)?
5
Let j = 304 + -197. What is the hundreds digit of j?
1
Suppose 2*d = a + 4, 5*d + 5*a = 11 - 1. Let q(g) = -3*g + 1 - 8 + 0 + d*g. What is the units digit of q(-8)?
1
Suppose 0 = r - 6 - 6. Let l(m) = -3 - r*m**2 + 4*m + 7 - m**3 - 9*m. What is the tens digit of l(-12)?
6
Let u = 1787 + -486. What is the hundreds digit of u?
3
Let p be 12/((-5)/8 + 1). Suppose -7*b + p = -3*b. Let a = 11 - b. What is the units digit of a?
3
Suppose 9*b = 10*b - 15. Let j = -5 + b. What is the tens digit of j?
1
What is the tens digit of (10/(-25))/((-5)/121725*3)?
4
Suppose -1706 = -5*g + m + 4474, 5*m = -2*g + 2499. What is the units digit of g?
7
Let v be -16 - -23 - (3 - -1) - 3. What is the hundreds digit of (v - -1)/((-13)/91)*-18?
1
Suppose -328*f + 366*f = 5586. What is the tens digit of f?
4
Let u = 851 + -605. What is the tens digit of u?
4
Let s be (24/8)/((-2)/(-4)). Let q be 25/(-9) + s/(-27). What is the units digit of q*((-29)/3 + 4)?
7
Let l = -321 - -529. What is the units digit of l?
8
Let b = -1861 + 2667. What is the units digit of b?
6
Suppose 0 = -3*n + 377 + 103. Let g = -90 + n. What is the units digit of g?
0
Let n = 1369 - 710. What is the units digit of n?
9
Suppose -8*i + 10 = -10*i. Let s be (-27)/i + (-9)/(-15). What is the tens digit of -21*(s/3 + -3)?
2
Let t be ((-43292)/24 - 4) + (-1)/6. What is the units digit of (-6)/33 - (-2 + t/22)?
4
Suppose -39 - 28 = -3*s - 2*c, 3*c = -12. Let a = -10 + -5. Let r = a + s. What is the units digit of r?
0
Let a = 38 - 36. Let h(q) = 9*q**3 - 4*q**2 + 4. What is the tens digit of h(a)?
6
Let x be (294/(-8))/((-66)/16 + 4). Suppose -7*o + 4*o + x = 0. What is the tens digit of o?
9
Suppose f + 1 = -2, -1680 = -3*n - 2*f. What is the hundreds digit of n?
5
Let d(y) = -22*y + 8. What is the tens digit of d(-6)?
4
Suppose -j + 193 = -0*j. Let d = j - -20. What is the tens digit of d?
1
Let f = -10 + 6. Let u be (0 + f)*(-2)/(-4). What is the tens digit of 5 + u - (-19 - 2)?
2
Suppose -3*p = 2*a - 59, -101 = -3*a + p - 3*p. Suppose -z + 131 = -0*w + 3*w, w - z = a. What is the units digit of w?
2
Suppose y - 5*z - 29 = -10, -2*y - 3*z - 14 = 0. Let k be ((-6)/21)/(y/7). What is the units digit of 69/(2 - k - -1)?
9
Suppose 9230 = 3*f - 5*d, 8*f - 3*f - 2*d - 15396 = 0. What is the hundreds digit of f?
0
Let m = 1562 + -372. What is the hundreds digit of m?
1
Let p(w) = 53*w + 2. Let y be p(-4). Let n = -136 - y. Let l = n + -48. What is the tens digit of l?
2
Let u(i) = 5*i**2 - 11*i - 5. Let m(p) = p**2 - p. Let j(k) = -6*m(k) + u(k). Let q be j(-5). Let y(b) = -7*b + 5. What is the tens digit of y(q)?
4
Let s(u) = -u**2 + u + 6. Let l be s(0). Let b be 8/l + 2/3. Let z = b - -22. What is the units digit of z?
4
Let n(p) = p**3 + 3*p**2 + p. Let s be n(-3). What is the hundreds digit of ((-8)/10)/(s/465)?
1
Suppose -4*q = -q + 3*v - 1944, q - 2*v = 642. What is the tens digit of q?
4
Let f(b) = 26*b**3 - 5*b**2 - 3*b - 1. Let n(t) = 25*t**3 - 4*t**2 - 2*t - 1. Let m(o) = -4*f(o) + 5*n(o). What is the units digit of m(1)?
2
Let g(y) = 2*y + 4. Let j be g(-4). Let w = j + 6. Suppose -w*i = 5*x - 24, -x + i = -i. What is the units digit of x?
4
Let q be 2/((-7)/((-58548)/8)). Suppose 30*z = 13*z + q. What is the tens digit of z?
2
Suppose -6*f = -2*f - i - 5215, -3*i - 5221 = -4*f. What is the units digit of f?
3
Let f = 56 + -54. Let y(a) be the first derivative of 7*a**3/3 + a**2/2 - 3*a - 1. What is the tens digit of y(f)?
2
Suppose v - 14*v - 39 = 0. What is the units digit of (-13)/v - 4 - 305/(-3)?
2
Let j be ((-4)/16)/((-5)/60). Suppose 0 = -3*m - j*z - 69 + 747, 0 = 2*z - 6. What is the hundreds digit of m?
2
Let y(r) = 2*r + 20. Let w be y(15). Suppose -5*t + 3*n + w = 0, 2*t + 6 = -2*n - 2*n. What is the units digit of t?
7
Let c(b) = -4*b + 1. Let a be -3*((-32)/(-12) + -3). Let j be c(a). Let r(z) = 2*z**2 - 4. What is the tens digit of r(j)?
1
Suppose 3*q = 1232 + 214. What is the hundreds digit of q?
4
Suppose -u = -0*u - 1. Let g be (0 + 3)*u - -5. Suppose -4*h + 5*h - g = 0. What is the units digit of h?
8
Let g = -2 - -2. Suppose g = 3*y - 7*y - 16. What is the units digit of (y - -2)/(4/(-18))?
9
Let b(t) = -365*t - 147. What is the thousands digit of b(-14)?
4
Let d(a) = -a - 7. Let h(t) = 6. Let u(n) = 6*d(n) + 5*h(n). Let w be ((-1 - 4) + -1)/(4/6). What is the units digit of u(w)?
2
Suppose -75*q + 76*q + 194 = 0. Let t = q - -366. What is the units digit of t?
2
Let p(s) = -s**3 + s + 4. Let w be p(0). Let z(t) = 2*t + 2. Let r be z(0). Suppose -w*j - r*v + 96 = 0, -14 - 52 = -3*j - 3*v. What is the units digit of j?
6
Suppose 979 = 3*s + 238. What is the tens digit of s?
4
Let r(u) = -u**3 + 4*u**2 + 2*u + 5. Let p be r(5). Suppose -4*q = -q + n + 6, -n = -4*q - 1. What is the units digit of (p/15)/(q/27)?
8
Let w(h) be the third derivative of -h**5/60 - h**4/2 + 5*h**3/6 + 5*h**2. Let r(s) be the first derivative of w(s). What is the units digit of r(-8)?
4
What is the hundreds digit of (-9777)/2*(308/21)/(-22)?
2
Let a(v) = v + 46. Let f be a(-10). What is the units digit of 927/f*1*12?
9
What is the tens digit of (-1)/4 + 110824/32?
6
Let x(c) = -c - 22. Let z be x(-10). Let f be (-6)/(z/(-4)) - -17. What is the tens digit of 390/6*9/f?
3
Suppose 68 = -4*f + x - 63, 2*f - 2*x + 58 = 0. Let k = 37 + f. What is the units digit of k?
3
Let u(x) = 9*x**2 - 35*x + 45. What is the thousands digit of u(13)?
1
Let n be (-500)/(-7) - (-24)/(-392)*7. Suppose 249 = 2*d - n. What is the tens digit of d?
6
Suppose -5*k - 5 + 25 = 0. Suppose 4*h - 183 = h + 2*c, -k*h = -5*c - 251. What is the units digit of h?
9
Let j = 1592 + -742. What is the tens digit of j?
5
Let q = 1232 - -906. What is the tens digit of q?
3
Suppose -22*u - 5*u + 66474 = 0. What is the hundreds digit of u?
4
Suppose -18*g + 271 - 1 = 0. What is the tens digit of g?
1
Suppose 0 = 4*b - 4*g - 2828, 3511 = 5*b - 3*g + 6*g. What is the units digit of b/12 - (-2)/6*1?
9
Suppose 4*a = -4*f + 10 - 2, a + 3 = 0. Suppose -r = -2 + f. What is the units digit of -9*(-1 + r/(-9))?
6
Let y = 6 - 9. Let i be ((0/y)/1)/2. Suppose i*x = -5*x - a + 66, 0 = 4*x - 4*a - 48. What is the tens digit of x?
1
Let k = -256 - -431. Let t = 335 - k. What is the hundreds digit of t?
1
What is the hundreds digit of ((33/(-44))/(-3))/(2/13368)?
6
Let b(s) = 8*s**3 - 2*s + 1. Let f be b(1). Suppose 5*p - f*p = -30. What is the tens digit of p?
1
Let n(d) = -5*d**3 + 6*d**2 - d + 5. Let q(b) = -5*b**3 + 7*b**2 - b + 6. Let l(p) = -7*n(p) + 6*q(p). What is the hundreds digit of l(4)?
3
Let j = 2 - -41. What is the tens digit of j?
4
Suppose 0 = 2*j - 2*v - 5256, 0*j - 5*j = v - 13140. What is the thousands digit of j?
2
Let q(a) = 52*a**3 + a**2 - 5*a - 4. What is the units digit of q(4)?
0
What is the units digit of -8 + (-432)/(-60) + (-21278)/(-10)?
7
Let r = -1959 + 959. What is the tens digit of r/15*((-63)/15 + 3)?
8
Suppose -482*o - 15862 = -489*o. What is the hundreds digit of o?
2
Let y = 150 + 126. What is the tens digit of y?
7
Suppose 0 = -a - 2*a - 174. Let x be ((-4)/(-10))/(4795/(-1200) - -4). Let i = x + a. What is the tens digit of i?
3
Suppose -x + 155 = 4*x. Let d = x - 22. Let k(a) = a**2 - 2*a + 3. What is the tens digit of k(d)?
6
Suppose -14 = -2*m - 2*z, -4*z + 7 = 4*m - 7*z. Suppose -m*v + 2*q = -198, -166 = -4*v + 4*q + 42. What is the units digit of v?
7
Let t(b) be the first derivative of 8*b**2 - 6*b - 6. Let y be t(9). Suppose 0 = 5*r + 25, -6*l + 2*r + y = -2*l. What is the units digit of l?
2
Suppose 112 = 2*f - o, -5*o - 31 = -f + 7. Let k = f + 28. What is the tens digit of k?
8
Let g(d) = 4*d**2 - 5*d + 4. Let k be g(4). Suppose 4*s - k = 8*s. Let o = 4 - s. What is the units digit of o?
6
Suppose -3*b - 15 = -f, 4*b - 2*b = -4*f + 4. Let a = f - -6. Let s = 31 - a. What is the units digit of s?
2
Suppose -4*w - 2*t + 140 = -0*t, 2*w = 4*t + 60. Let x(z) = -z**3 + 6*z**2 - 5*z + 4. Let n be x(5). Suppose n*b - 14 = w. What is the units digit of b?
2
Let q = 24 - 17. Suppose -32 = -a - q. What is the tens